**2 - 10*g + 3. Let p be 84/20 + 1/(-5). Suppose -3*s + p*a - 4 = 6, 0 = 4*a + 20. What are the prime factors of k(s)?
3
Let w be 0/((-4)/(16/(-12))). Suppose x + 5*s = -w*s - 2, 4*s + 7 = x. What are the prime factors of 126/6 + x/1?
2, 3
Suppose 7*b - 6593 = 736. List the prime factors of b.
3, 349
Let g(s) = s**3 - 5*s**2 - 13*s + 6. Let q be g(7). Suppose 828 = q*r - 4*r. What are the prime factors of r?
2, 23
Let h = 13 - -41. Let i(j) = -2*j - 11. Let z be i(-7). What are the prime factors of -1 + (h - z) + -2?
2, 3
Let f = -17 + -7. Let l = 78 + f. What are the prime factors of l?
2, 3
Let w(c) = 34*c + 9. Suppose 0 = -8*b + 32 - 0. List the prime factors of w(b).
5, 29
Suppose -2*w = -5*w + 687. Suppose -4*j = -r - 129 - 180, -3*j + w = 2*r. What are the prime factors of j?
7, 11
What are the prime factors of (-16254)/12*(-4)/3?
2, 3, 7, 43
Suppose 107 = 4*y - 5. Suppose x = -x + y. List the prime factors of x.
2, 7
Suppose -15*w + 13*w + 4*s = -122, -5*w + s = -269. List the prime factors of w.
53
Let c = 125 + -68. Let n = c + 22. What are the prime factors of n?
79
Let d(v) = -16*v + 9. Let f be d(-4). Suppose y - f + 18 = 0. List the prime factors of y.
5, 11
Let w(u) = u**2 + 10*u - 5. Let g be w(-10). Let t be (-2)/10*3*g. Suppose -4*j = 3*o - t*j - 135, -5*o + 3*j = -239. What are the prime factors of o?
2, 23
Suppose -d = 2*h - 2297, 4*h - 4558 = -0*d + 10*d. What are the prime factors of h?
31, 37
Suppose -7 - 3 = -5*g. Suppose 0 = g*l - 5*l + 21. What are the prime factors of (-2448)/(-63) - (-1)/l?
3, 13
Let o(z) = 1089*z. What are the prime factors of o(2)?
2, 3, 11
Let l be (-3 + 10)/((-3)/(-3)). Let p = l - 3. Suppose -d + 77 = 2*k, -2*k + d - p = -71. What are the prime factors of k?
2, 3
Let l(u) = u**3 - 7*u**2 + 9*u + 9. Let y be l(5). Suppose 8 = -y*g, -3*z + g + 3*g + 416 = 0. List the prime factors of z.
2, 17
Let k be (1 + 0)/((-11024)/1576 - -7). Suppose -k = -3*s + 580. List the prime factors of s.
7, 37
Suppose -43*y + 103000 = 57*y. List the prime factors of y.
2, 5, 103
Let h(w) = 16*w**2 + 2*w - 110. List the prime factors of h(9).
2, 7, 43
Suppose -9 = -3*u + 4*r - 3, -3*u = -2*r - 12. Suppose 2*v - u*v = -240. List the prime factors of v.
2, 3, 5
Let h = 38 - 18. What are the prime factors of (9/15 - 57/h)*-72?
2, 3
Let c(y) = y**2 - 3*y + 5. Let w be c(0). Suppose -w*o + 332 = -o. List the prime factors of o.
83
Let s(p) = p**2 - 3*p - 4. Let c be s(4). Suppose 7*l + 21 - 252 = c. What are the prime factors of l?
3, 11
Let k(v) = 56*v**2 - 1. Let l be k(-1). Suppose -3*c = -l - 29. List the prime factors of 576/c - 3/(-7).
3, 7
Let b(r) = -55*r**3 - r - 1. Suppose -3*f = -2*i + 2 - 10, 2*i - 4 = -3*f. List the prime factors of b(i).
5, 11
Let w = -165 - -797. Suppose -5*p - 4*x + w = 0, 6*p - 248 = 4*p - 4*x. List the prime factors of p.
2
Let d = 220 + 118. List the prime factors of d.
2, 13
Let i(x) = -146*x**3 + x**2 - x - 1. Let k be i(-1). Let g = -106 + k. What are the prime factors of g?
41
Let l be (648 + -3)/5 - -4. Let b = l - 89. What are the prime factors of b?
2, 11
Let y be 12/3 - 6/3. What are the prime factors of 10/8*(y*-116)/(-2)?
5, 29
Let d(b) be the second derivative of 9*b**2 + 0 + 3*b - 1/12*b**4 - 11/6*b**3. What are the prime factors of d(-8)?
2, 3, 7
Suppose -21*m + 11 = -703. Let d be ((-2)/6)/((-3)/171). Let n = m - d. What are the prime factors of n?
3, 5
Let c = -27 + 31. Suppose 464 = c*r - 2*o, -r + 2*o = -35 - 75. List the prime factors of r.
2, 59
Suppose t - 9 = -2*t + 3*y, -2*t + 5*y = -3. Suppose -t*x - 112 = -8*x. List the prime factors of x.
2, 7
Let l = 85 + -78. Let y(q) = q**2 + 11*q. What are the prime factors of y(l)?
2, 3, 7
Let m be (202/(-4) - -1)*(-8)/6. Suppose -2*g + 2 = 0, -p - 2*g = g - m. List the prime factors of p.
3, 7
Let a(j) = 3*j**3 + j**2 + 3*j + 1. Let g be a(-1). List the prime factors of 189 + 2 + 8 + g + 0.
3, 5, 13
Let s = -91 + 316. What are the prime factors of s?
3, 5
List the prime factors of ((-4680)/24)/((-2)/26).
3, 5, 13
Let m be (-1 + 12/(-20))*-10. Suppose -3*l + m = -65. Let k = -1 + l. List the prime factors of k.
2, 13
Let f(j) = 3*j**3 + j**2 - 2*j - 2. Let r be f(-1). What are the prime factors of (-10 + 11)/(r/(-138))?
3, 23
Let v = 1265 - 879. What are the prime factors of v?
2, 193
Let t(w) = w**2 - 5*w - 9. Let r be t(7). Suppose -2*f - 5*n + 4 = 0, f + 8 = r*f - n. Suppose 74 = 2*z + f. What are the prime factors of z?
2, 3
Let f = -17 - -22. List the prime factors of ((-11)/f)/(4/(-20)).
11
Let r = 2429 + -652. List the prime factors of r.
1777
Suppose 5575 = 5*c - 2*q, 20*q - 25*q = 25. What are the prime factors of c?
3, 7, 53
Suppose -5*j + 2650 = -5*o, 0 = j - 3*j + 5*o + 1072. What are the prime factors of j?
2, 263
Let r be 0/(9/((-18)/(-4))). Suppose w = -0*w, 3*c - 4*w - 132 = r. What are the prime factors of c?
2, 11
Let i = -345 - -560. What are the prime factors of i?
5, 43
Suppose -l + 113 = -6*l - 4*h, -5*h + 15 = 0. Let p = -3 - l. List the prime factors of p.
2, 11
Let l(u) be the second derivative of -u**4/24 + 8*u**3/3 - 13*u**2/2 - 7*u. Let b(d) be the first derivative of l(d). List the prime factors of b(10).
2, 3
Let j = 637 + -346. Let v = j + -141. What are the prime factors of v?
2, 3, 5
Suppose -2*s = -5*s - 4*q + 896, -1470 = -5*s + 5*q. Let i = -176 + s. List the prime factors of i.
2, 3, 5
Let w = 2825 - 256. What are the prime factors of w?
7, 367
Let f be (360/(-14))/(-6) - 2/7. Suppose -211 = -f*x + 397. List the prime factors of x.
2, 19
Suppose -2*i + 3406 = -2*k, 5*i - 2*k - 2*k = 8517. List the prime factors of i.
5, 11, 31
Let v = 149 + -76. Suppose -79 = -2*p + 5*j + 65, 0 = -p + 3*j + v. What are the prime factors of p?
67
Let i = -11 - -15. Suppose 4*o + i = 5*o. What are the prime factors of o?
2
Suppose -q = -0 - 1. Let c(d) = 1 + 0 + 1095*d - 1075*d. What are the prime factors of c(q)?
3, 7
Let l be (-4)/18 + (-4)/(-18). Suppose 5*u = 3*n + 52, l = -3*u - n - n + 16. What are the prime factors of u?
2
Let v be 8/12 + 12/9. Suppose -v = f - 5. Suppose 5*z - 44 = 3*p + 136, f*z + 3*p - 108 = 0. What are the prime factors of z?
2, 3
Let b be (-47)/5 + (-6)/10. What are the prime factors of (-564)/b + (-8)/20?
2, 7
Let v(i) = 2*i + 2. Let l be v(2). Suppose 2*s = -7*p + 10*p + 13, -4*p - 12 = 0. Suppose s*n - 2*m + l*m - 34 = 0, -m = -1. What are the prime factors of n?
3, 5
Let o be (-36)/(1 + 45/(-35)). What are the prime factors of (o/(-4))/((-3)/4)?
2, 3, 7
Let v(o) = -o**2 + 4*o + 8. Let g be v(8). Let j = g - -36. Let s(d) = d**2 - 10*d - 5. List the prime factors of s(j).
19
Let y(l) = l - 4. Let x be y(-1). List the prime factors of (3 - (-20)/x)*-25.
5
Let g(q) = q**2 + 12*q - 4. Let l be g(-13). Let y be ((-3)/(-9)*l)/1. Suppose 162 = 3*s + 3*n, y*s + 0*s = -n + 162. List the prime factors of s.
2, 3
Let y(f) be the third derivative of -23/120*f**6 + 0*f + 0 + 0*f**5 - 1/6*f**3 + 4*f**2 + 0*f**4. List the prime factors of y(-1).
2, 11
Let s = -14 + 11. Let f be (-3 + 2)*s - 3. Suppose f = -5*t + 79 + 196. List the prime factors of t.
5, 11
Suppose -16*s + 12*s = -296. Suppose -4*f = -s - 38. Let a = f + 17. List the prime factors of a.
3, 5
Let j(u) = 28*u**2 - 32*u + 164. What are the prime factors of j(13)?
2, 5, 7
Suppose 16*g + 13896 = 24*g. List the prime factors of g.
3, 193
Let b(y) = -1602*y + 30. List the prime factors of b(-1).
2, 3, 17
Suppose -3*o + 309 = -3*m - 60, -4*m = 4*o - 476. Let z = -83 + o. What are the prime factors of z?
2, 19
Suppose 3*b + f + 0*f - 1 = 0, 0 = -5*f - 25. Let i be b - -1 - (-28 + -5). Suppose 4*a - 137 = -n, -a - 2*n = -0*a - i. What are the prime factors of a?
2, 17
Let h be (-16)/(-72) - 4910/(-18). Suppose 6*r = 513 + h. What are the prime factors of r?
131
Let m = -19 - -38. Suppose m*u = 18*u + 76. What are the prime factors of u?
2, 19
Let n(o) = -6*o**3 - 1. Let w be n(-1). Suppose g = 5*b - 168, -g + 3 + 169 = w*b. Suppose 4*k - 2 - b = 0. What are the prime factors of k?
3
Let i(w) be the second derivative of w**3/6 + 8*w**2 + 2*w. Suppose 2*s - 52 = 6*s. What are the prime factors of i(s)?
3
Let j(k) = -k**2 + 21*k + 2. Let o be j(21). Suppose f - 54 = -5*c, 12 = -o*f + 5*f. List the prime factors of c.
2, 5
Suppose 2*